f a(-37).
2, 7, 109
List the prime factors of 145344/7 - (50/225 + 143/693).
3, 769
Suppose 12*o - 14*o + 4 = 0. Suppose 3*i + o*l - 28 = 0, -2*l + 0 = -2*i + 32. Suppose 0 = i*d - 9*d - 339. What are the prime factors of d?
113
What are the prime factors of ((-45)/18 + 3)/((-1)/(-43784))?
2, 13, 421
Let m be (-3)/(12/(-8)) + 0. Let z(c) = -7*c**2 + 4*c**m + 2*c**2 - 11 - 19*c. What are the prime factors of z(-10)?
79
Suppose 8*h = -t + 11*h + 12802, -t + 4*h + 12803 = 0. What are the prime factors of t?
12799
Let l(s) = 7*s + 25. Let j(p) = 35*p + 124. Let n(z) = -2*j(z) + 11*l(z). Let d be n(-4). What are the prime factors of (-13728)/(-72) + d/(-6)*2?
191
Let a = -15144 - -22242. What are the prime factors of a?
2, 3, 7, 13
Let c(f) = -7*f. Let w be c(-11). Let y be 28/6*198/w. Suppose -4*b = -b - y. What are the prime factors of b?
2
Let w(p) = -p**2 + 9*p - 17. Let k be w(5). Suppose 0*y + 3*y + 69 = k*m, -5*y + 2*m - 121 = 0. Let v = 21 - y. List the prime factors of v.
2, 23
Let i = 55551 + -4208. What are the prime factors of i?
51343
Suppose 35*o + 3 = -3*s + 38*o, 3*s + o = -11. Let i(p) = -456*p - 155. List the prime factors of i(s).
1213
Let u = 77209 - 41204. List the prime factors of u.
5, 19, 379
Let v(w) = -114*w + 1630. List the prime factors of v(-20).
2, 5, 17, 23
Let c = -32 + 33. Let u be (-1 - c)/(7/(-1127)). What are the prime factors of (-5 + (-44)/(-8))*u?
7, 23
Suppose 4*d - d + 1122 = 0. Let o(q) = q**2 - 19*q + 88. Let s be o(10). What are the prime factors of d/(-99) + s/(-9)?
2
Let a be 2/((2/11)/(-2)). Let y be 159/33 + (-4)/a. Let f(v) = -v**3 + 8*v**2 - 6*v + 6. List the prime factors of f(y).
3, 17
Let q(i) be the third derivative of 0 - 1/3*i**4 + 5/6*i**3 - 10*i**2 + 1/10*i**5 + 0*i. List the prime factors of q(2).
13
Let b(l) = l**3 + 10*l**2 + 14*l + 28. Let f be b(-8). Let r(v) = -v**2 + 3*v + 3*v - f + 41. List the prime factors of r(3).
2, 3
Suppose 5*u = 3*p - 28283, -516*p + 512*p = 5*u - 37664. List the prime factors of p.
9421
Let g = -678 - -711. Suppose -10422 = -42*r + g*r. List the prime factors of r.
2, 3, 193
Suppose -963*f - 5*h - 114280 = -968*f, 3*f - 68586 = -3*h. What are the prime factors of f?
22859
Suppose -3*w = 8*s - 2*s + 342, -w - 4 = 0. Let p = 368 + s. What are the prime factors of p?
313
Let s(j) = -9 + 16*j**2 - 7*j**2 + 4*j - j**3 - 20*j**2. What are the prime factors of s(-14)?
523
Let a = -77 + 80. Suppose -2112 = -4*u + 2*x, -2*u + 2*x = a*x - 1056. What are the prime factors of u?
2, 3, 11
Suppose -2690 = -11*l + 379. Suppose 0 = -2*s - 5*c + l, 7*s - 144 = 6*s + 2*c. List the prime factors of s.
2, 71
Let m = 8999 - 4363. What are the prime factors of m?
2, 19, 61
Let y(n) = 5*n**3 + 15*n**2 - 13*n + 16. What are the prime factors of y(11)?
3, 103
Let z = -1124 - -763. Let q = z - -544. Suppose -4*r + q + 349 = 0. What are the prime factors of r?
7, 19
Let h = -8133 + 89008. What are the prime factors of h?
5, 647
Let u(q) = 111*q**2 + 3*q + 1. Let m(p) = p**3 - 14*p**2 + 17*p + 25. Let r be m(13). Let g = r - 78. What are the prime factors of u(g)?
109
Let n(j) = -32*j - 10. Let z(q) = 16*q + 5. Let a(k) = -2*n(k) - 5*z(k). Let l be a(3). Let b = 95 + l. What are the prime factors of b?
2, 3, 7
Let p be (20/(-28))/(8/56). What are the prime factors of (15/(-12))/((-13638)/(-2728) + p)?
5, 11, 31
Let r = -24 - -31. Suppose -2044 = -r*y + 3437. List the prime factors of y.
3, 29
Let f = 31466 - 24451. What are the prime factors of f?
5, 23, 61
Suppose 3*o - 5*c = -55, 0 = 5*o - 0*o + 4*c + 141. Let f be (38/5)/((-5)/o). Let d = 43 + f. List the prime factors of d.
3
Suppose 7*i - 27*i = -100. Suppose -3*c + i*t + 948 = t, c - 3*t - 321 = 0. List the prime factors of c.
2, 3, 13
Suppose -27*g = -2*z - 31*g + 9556, 9502 = 2*z - 5*g. What are the prime factors of z?
2, 2383
Let w(a) = -1921*a + 12048. What are the prime factors of w(-27)?
3, 5, 4261
Suppose 0 = -4*p + 11*p - 3920. Let i = p - 543. What are the prime factors of i?
17
Suppose 6*g - 5 = 5*g. Suppose -o = g*t - 27, 2*t + 108 = 4*o + t. Let j = 77 - o. List the prime factors of j.
2, 5
Let t(u) = u**3 - 4*u**2 + 2*u - 5. Suppose -2*q + 5*q - b = 12, 2*q - 3*b = 8. Let s be t(q). Suppose s*r - 528 = -r. List the prime factors of r.
2, 3, 11
Let p(s) = -s**2 + 21*s - 21. Let i be p(8). Let v = i + 82. List the prime factors of v.
3, 5, 11
Let c(w) = -w**3 + 20*w**2 - 13*w - 113. Let x be c(19). List the prime factors of -2*5945/(-10) - x.
2, 3, 11
Suppose 15 = -2*w + 1. What are the prime factors of (-2)/(-9) + ((-158690)/45)/w?
2, 3, 7
Let l(m) = 13*m - 35. Let f be l(3). Suppose 5*i - 4*i - f = 0, -6318 = -5*v - 2*i. What are the prime factors of v?
2, 631
Suppose -2*n - 12 = 2*n. Let o be ((-6)/4)/(1*n/(-270)). List the prime factors of o/(-20) - 1/(-4).
7
Let j(z) = -4*z**2 + 79*z - 49. Let h = -489 + 506. What are the prime factors of j(h)?
2, 3, 23
Let x(o) = 10*o + 64. Let m be x(-6). Suppose 2*w + 434 = u - 33, 4*u = -m. List the prime factors of -24*1*(w/(-8))/(-9).
2, 3, 13
Suppose 23*i - 2*a - 237187 = 18*i, 0 = 4*i - 5*a - 189770. List the prime factors of i.
5, 53, 179
Let o = 52 - 49. Suppose 552 = 3*h + 18*y - 17*y, -184 = -h - o*y. What are the prime factors of h?
2, 23
Suppose -243*r - 325620 = -288*r. What are the prime factors of r?
2, 3, 67
Suppose 57*x - 62 = 55*x. Suppose g - x = -4*s, s = -4*s. What are the prime factors of g?
31
List the prime factors of (-286189)/(-11) - (-106)/(-583).
26017
Let u = -4465 - -9893. List the prime factors of u.
2, 23, 59
Suppose 16*c - 144729 = -53497. What are the prime factors of c?
2, 2851
Let n(g) = g**3 - 102*g**2 - 34*g + 777. List the prime factors of n(104).
3, 233
Let o(i) = 34*i**2 - 9*i - 3. Let x be o(-3). Suppose x = 3*y - 66. What are the prime factors of y?
2, 3, 11
Suppose 0*x + 4*x = -4240. Suppose 20012*i + 600 = 19992*i. What are the prime factors of x/i - 4/3?
2, 17
Let m be (3/(-3) - (-4 + 5))*-1. Suppose x + m*x = 12, -4*h + 2*x + 836 = 0. Let p = h - 87. List the prime factors of p.
2, 31
Suppose 0 = 4*h + 4*d - 1248, -4*h + 7*h - 931 = -2*d. Let l = h - -1212. List the prime factors of l.
7, 31
Let s = 1937 + 6247. List the prime factors of s.
2, 3, 11, 31
Let x(h) = 447*h**2 + 78*h + 765. List the prime factors of x(-7).
2, 3, 1229
Let d(i) = -1 - 3 + 12 + 26*i - 6 + 7*i**2. Let x(p) = -8*p**2 - 27*p - 2. Let v(k) = 6*d(k) + 5*x(k). What are the prime factors of v(-15)?
137
Let k = -14259 - -27439. What are the prime factors of k?
2, 5, 659
Suppose -2*r + 396*q - 392*q + 17722 = 0, -4*r + 35468 = -2*q. List the prime factors of r.
7, 181
Let s = 16794 + 13886. List the prime factors of s.
2, 5, 13, 59
Suppose 5*y - 8*y = -309. Suppose 5*i + 733 - y = 0. List the prime factors of (76/(-6))/(12/i).
7, 19
Let m = 72221 + -27419. What are the prime factors of m?
2, 3, 19, 131
Let a(c) = 79*c**2 - 7*c - 7. Let o be a(-1). Let g = o + 26. List the prime factors of g.
3, 5, 7
Suppose -24*c + 1208984 = 269*c - 103949. What are the prime factors of c?
4481
Suppose -2*u = -5*t + 28063, 0 = -367*t + 364*t - 2*u + 16825. List the prime factors of t.
31, 181
Suppose 0 = -27*c - 4288 + 35824. List the prime factors of c.
2, 73
Suppose -7*a = -11*a + 15*q + 249778, -a + 62473 = q. List the prime factors of a.
62467
Suppose 8*m = -58 + 34. List the prime factors of (-5 - m)/(-4*7/12082).
863
Let c = 6 - 3. Let z(a) = -341*a + 234. Let l be z(-2). Suppose c*t = 2*r + 544, t + l = 6*t - r. List the prime factors of t.
2, 23
Let i = 6154 - 3876. Suppose 450 = -4*l + i. List the prime factors of l.
457
List the prime factors of 266264/28 - 15/35.
37, 257
Suppose -5*l = -0*a + 3*a - 3317, -1124 = -a + 2*l. Let q = a - 693. What are the prime factors of q?
421
Let s(f) be the second derivative of f**4/12 + 4*f**3/3 + 4*f**2 + 8*f - 67. Suppose 56 = -2*z + 20. What are the prime factors of s(z)?
2, 47
Suppose 4*t + 375 = 19*t. Suppose -12*d + t*d = 7813. What are the prime factors of d?
601
Let l(f) = -f**2 + 64*f + 12. Let b(p) = p**3 + p**2 - 2*p + 37. Let j be b(0). What are the prime factors of l(j)?
3, 337
Suppose 86366 = 18*a + 11*a - 128263. List the prime factors of a.
3, 2467
Suppose 3*s - 30 = -7*s. Suppose -4*c = -a + 3, s*a - 6 = a. Suppose 